{"id":3061,"date":"2021-03-03T14:19:59","date_gmt":"2021-03-03T12:19:59","guid":{"rendered":"https:\/\/www.malpelo.org\/?page_id=3061"},"modified":"2021-03-08T15:18:56","modified_gmt":"2021-03-08T13:18:56","slug":"pep-ramis","status":"publish","type":"page","link":"https:\/\/www.malpelo.org\/fr\/qui-sommes-nous\/pep-ramis\/","title":{"rendered":"Pep Ramis"},"content":{"rendered":"<div class=\"wpb-content-wrapper\"><p>[vc_section][vc_row][vc_column width=\u00a0\u00bb2\/3&Prime;][vc_column_text]<\/p>\n<h3>Trajectoire<\/h3>\n<p>[\/vc_column_text][vc_column_text]<strong>Pep Ramis<\/strong> (Manacor, Mallorca). N\u00e9 \u00e0 Majorque, dans une famille o\u00f9 la musique et la peinture sont tr\u00e8s pr\u00e9sents. Dans son parcours il \u00e9tudie violoncelle, voix et marionnettes. Depuis son enfance, le dessin fait partie de son imagerie quotidienne. Son int\u00e9r\u00eat pour la sc\u00e8ne appara\u00eet en 1985 comme lieu de confluence de l&rsquo;ensemble de ses exp\u00e9riences pr\u00e9c\u00e9dentes, \u00e9tant le corps l&rsquo;axe de r\u00e9f\u00e9rence. Apr\u00e8s avoir travaill\u00e9 en 1986 avec La Dux &#8211; form\u00e9 par Maria Ant\u00f2nia Oliver et Mar\u00eda Mu\u00f1oz, en 1987 participe au spectacle Scirocco d\u2019Adriana Borriello en Italie. En 1989, il a cr\u00e9e avec Mar\u00eda Mu\u00f1oz le groupe Mal Pelo dans lequel d\u00e9velopp\u00e9 son r\u00f4le de constructeur des sc\u00e9nographies et d&rsquo;espaces pour des installations. Directeur de sc\u00e8ne, danseur-acteur et codirecteur du Centre de Cr\u00e9ation L&rsquo;animal a l&rsquo;esquena \u00e0 Celr\u00e0, Girona.<\/p>\n<p>[\/vc_column_text][\/vc_column][vc_column width=\u00a0\u00bb1\/3&Prime;][vc_column_text]<\/p>\n<h3>Liens d&rsquo;int\u00e9r\u00eat<\/h3>\n<p>[\/vc_column_text][vc_btn title=\u00a0\u00bbVoir CV Pep Ramis\u00a0\u00bb style=\u00a0\u00bbclassic\u00a0\u00bb shape=\u00a0\u00bbsquare\u00a0\u00bb color=\u00a0\u00bbblack\u00a0\u00bb i_align=\u00a0\u00bbright\u00a0\u00bb i_icon_fontawesome=\u00a0\u00bb\u00a0\u00bb add_icon=\u00a0\u00bbtrue\u00a0\u00bb link=\u00a0\u00bburl:https%3A%2F%2Fwww.malpelo.org%2Fwp-content%2Fuploads%2F2021%2F03%2FFR_CV_PepRamis.pdf|||\u00a0\u00bb][\/vc_column][\/vc_row][\/vc_section][vc_row][vc_column][vc_images_carousel images=\u00a0\u00bb777,781,402,400,397,249&Prime; img_size=\u00a0\u00bb800&#215;600&Prime; autoplay=\u00a0\u00bbyes\u00a0\u00bb wrap=\u00a0\u00bbyes\u00a0\u00bb][\/vc_column][\/vc_row]<\/p>\n<\/div>","protected":false},"excerpt":{"rendered":"<p>[vc_section][vc_row][vc_column width=\u00a0\u00bb2\/3&Prime;][vc_column_text] Trajectoire [\/vc_column_text][vc_column_text]Pep Ramis (Manacor, Mallorca). N\u00e9 \u00e0 Majorque, dans une famille o\u00f9 la musique et la peinture sont tr\u00e8s pr\u00e9sents. Dans son parcours il \u00e9tudie violoncelle, voix et marionnettes. Depuis son enfance, le dessin fait partie de son imagerie quotidienne. Son int\u00e9r\u00eat pour la sc\u00e8ne appara\u00eet en 1985 comme lieu de confluence de [&hellip;]<\/p>\n","protected":false},"author":1,"featured_media":866,"parent":3054,"menu_order":0,"comment_status":"closed","ping_status":"closed","template":"","meta":{"_acf_changed":false,"footnotes":""},"class_list":["post-3061","page","type-page","status-publish","hentry"],"acf":[],"yoast_head":"<!-- This site is optimized with the Yoast SEO plugin v27.5 - https:\/\/yoast.com\/product\/yoast-seo-wordpress\/ -->\n<title>Pep Ramis - Mal Pelo<\/title>\n<meta name=\"robots\" content=\"index, follow, max-snippet:-1, max-image-preview:large, max-video-preview:-1\" \/>\n<link rel=\"canonical\" href=\"https:\/\/www.malpelo.org\/fr\/qui-sommes-nous\/pep-ramis\/\" \/>\n<meta property=\"og:locale\" content=\"fr_FR\" \/>\n<meta property=\"og:type\" content=\"article\" \/>\n<meta property=\"og:title\" content=\"Pep Ramis - Mal Pelo\" \/>\n<meta property=\"og:description\" content=\"[vc_section][vc_row][vc_column width=\u00a0\u00bb2\/3&Prime;][vc_column_text] Trajectoire [\/vc_column_text][vc_column_text]Pep Ramis (Manacor, Mallorca). N\u00e9 \u00e0 Majorque, dans une famille o\u00f9 la musique et la peinture sont tr\u00e8s pr\u00e9sents. Dans son parcours il \u00e9tudie violoncelle, voix et marionnettes. Depuis son enfance, le dessin fait partie de son imagerie quotidienne. Son int\u00e9r\u00eat pour la sc\u00e8ne appara\u00eet en 1985 comme lieu de confluence de [&hellip;]\" \/>\n<meta property=\"og:url\" content=\"https:\/\/www.malpelo.org\/fr\/qui-sommes-nous\/pep-ramis\/\" \/>\n<meta property=\"og:site_name\" content=\"Mal Pelo\" \/>\n<meta property=\"article:modified_time\" content=\"2021-03-08T13:18:56+00:00\" \/>\n<meta property=\"og:image\" content=\"https:\/\/www.malpelo.org\/wp-content\/uploads\/2020\/04\/MP-MTP_0653hd\u220fTristan-Perez-Martin-scaled.jpg\" \/>\n\t<meta property=\"og:image:width\" content=\"2560\" \/>\n\t<meta property=\"og:image:height\" content=\"1707\" \/>\n\t<meta property=\"og:image:type\" content=\"image\/jpeg\" \/>\n<meta name=\"twitter:card\" content=\"summary_large_image\" \/>\n<meta name=\"twitter:label1\" content=\"Dur\u00e9e de lecture estim\u00e9e\" \/>\n\t<meta name=\"twitter:data1\" content=\"1 minute\" \/>\n<script type=\"application\/ld+json\" class=\"yoast-schema-graph\">{\"@context\":\"https:\\\/\\\/schema.org\",\"@graph\":[{\"@type\":\"WebPage\",\"@id\":\"https:\\\/\\\/www.malpelo.org\\\/fr\\\/qui-sommes-nous\\\/pep-ramis\\\/\",\"url\":\"https:\\\/\\\/www.malpelo.org\\\/fr\\\/qui-sommes-nous\\\/pep-ramis\\\/\",\"name\":\"Pep Ramis - Mal Pelo\",\"isPartOf\":{\"@id\":\"https:\\\/\\\/www.malpelo.org\\\/#website\"},\"primaryImageOfPage\":{\"@id\":\"https:\\\/\\\/www.malpelo.org\\\/fr\\\/qui-sommes-nous\\\/pep-ramis\\\/#primaryimage\"},\"image\":{\"@id\":\"https:\\\/\\\/www.malpelo.org\\\/fr\\\/qui-sommes-nous\\\/pep-ramis\\\/#primaryimage\"},\"thumbnailUrl\":\"https:\\\/\\\/www.malpelo.org\\\/wp-content\\\/uploads\\\/2020\\\/04\\\/MP-MTP_0653hd\u220fTristan-Perez-Martin-scaled.jpg\",\"datePublished\":\"2021-03-03T12:19:59+00:00\",\"dateModified\":\"2021-03-08T13:18:56+00:00\",\"breadcrumb\":{\"@id\":\"https:\\\/\\\/www.malpelo.org\\\/fr\\\/qui-sommes-nous\\\/pep-ramis\\\/#breadcrumb\"},\"inLanguage\":\"fr-FR\",\"potentialAction\":[{\"@type\":\"ReadAction\",\"target\":[\"https:\\\/\\\/www.malpelo.org\\\/fr\\\/qui-sommes-nous\\\/pep-ramis\\\/\"]}]},{\"@type\":\"ImageObject\",\"inLanguage\":\"fr-FR\",\"@id\":\"https:\\\/\\\/www.malpelo.org\\\/fr\\\/qui-sommes-nous\\\/pep-ramis\\\/#primaryimage\",\"url\":\"https:\\\/\\\/www.malpelo.org\\\/wp-content\\\/uploads\\\/2020\\\/04\\\/MP-MTP_0653hd\u220fTristan-Perez-Martin-scaled.jpg\",\"contentUrl\":\"https:\\\/\\\/www.malpelo.org\\\/wp-content\\\/uploads\\\/2020\\\/04\\\/MP-MTP_0653hd\u220fTristan-Perez-Martin-scaled.jpg\",\"width\":2560,\"height\":1707,\"caption\":\"Pep Ramis (Mal Pelo) - The mountain, the truth and the paradise \u00a9Tristan Perez-Martin\"},{\"@type\":\"BreadcrumbList\",\"@id\":\"https:\\\/\\\/www.malpelo.org\\\/fr\\\/qui-sommes-nous\\\/pep-ramis\\\/#breadcrumb\",\"itemListElement\":[{\"@type\":\"ListItem\",\"position\":1,\"name\":\"Inici\",\"item\":\"https:\\\/\\\/www.malpelo.org\\\/fr\\\/\"},{\"@type\":\"ListItem\",\"position\":2,\"name\":\"Qui sommes nous\",\"item\":\"https:\\\/\\\/www.malpelo.org\\\/fr\\\/qui-sommes-nous\\\/\"},{\"@type\":\"ListItem\",\"position\":3,\"name\":\"Pep Ramis\"}]},{\"@type\":\"WebSite\",\"@id\":\"https:\\\/\\\/www.malpelo.org\\\/#website\",\"url\":\"https:\\\/\\\/www.malpelo.org\\\/\",\"name\":\"Mal Pelo\",\"description\":\"Mal Pelo\",\"potentialAction\":[{\"@type\":\"SearchAction\",\"target\":{\"@type\":\"EntryPoint\",\"urlTemplate\":\"https:\\\/\\\/www.malpelo.org\\\/?s={search_term_string}\"},\"query-input\":{\"@type\":\"PropertyValueSpecification\",\"valueRequired\":true,\"valueName\":\"search_term_string\"}}],\"inLanguage\":\"fr-FR\"}]}<\/script>\n<!-- \/ Yoast SEO plugin. -->","yoast_head_json":{"title":"Pep Ramis - Mal Pelo","robots":{"index":"index","follow":"follow","max-snippet":"max-snippet:-1","max-image-preview":"max-image-preview:large","max-video-preview":"max-video-preview:-1"},"canonical":"https:\/\/www.malpelo.org\/fr\/qui-sommes-nous\/pep-ramis\/","og_locale":"fr_FR","og_type":"article","og_title":"Pep Ramis - Mal Pelo","og_description":"[vc_section][vc_row][vc_column width=\u00a0\u00bb2\/3&Prime;][vc_column_text] Trajectoire [\/vc_column_text][vc_column_text]Pep Ramis (Manacor, Mallorca). N\u00e9 \u00e0 Majorque, dans une famille o\u00f9 la musique et la peinture sont tr\u00e8s pr\u00e9sents. Dans son parcours il \u00e9tudie violoncelle, voix et marionnettes. Depuis son enfance, le dessin fait partie de son imagerie quotidienne. Son int\u00e9r\u00eat pour la sc\u00e8ne appara\u00eet en 1985 comme lieu de confluence de [&hellip;]","og_url":"https:\/\/www.malpelo.org\/fr\/qui-sommes-nous\/pep-ramis\/","og_site_name":"Mal Pelo","article_modified_time":"2021-03-08T13:18:56+00:00","og_image":[{"width":2560,"height":1707,"url":"https:\/\/www.malpelo.org\/wp-content\/uploads\/2020\/04\/MP-MTP_0653hd\u220fTristan-Perez-Martin-scaled.jpg","type":"image\/jpeg"}],"twitter_card":"summary_large_image","twitter_misc":{"Dur\u00e9e de lecture estim\u00e9e":"1 minute"},"schema":{"@context":"https:\/\/schema.org","@graph":[{"@type":"WebPage","@id":"https:\/\/www.malpelo.org\/fr\/qui-sommes-nous\/pep-ramis\/","url":"https:\/\/www.malpelo.org\/fr\/qui-sommes-nous\/pep-ramis\/","name":"Pep Ramis - Mal Pelo","isPartOf":{"@id":"https:\/\/www.malpelo.org\/#website"},"primaryImageOfPage":{"@id":"https:\/\/www.malpelo.org\/fr\/qui-sommes-nous\/pep-ramis\/#primaryimage"},"image":{"@id":"https:\/\/www.malpelo.org\/fr\/qui-sommes-nous\/pep-ramis\/#primaryimage"},"thumbnailUrl":"https:\/\/www.malpelo.org\/wp-content\/uploads\/2020\/04\/MP-MTP_0653hd\u220fTristan-Perez-Martin-scaled.jpg","datePublished":"2021-03-03T12:19:59+00:00","dateModified":"2021-03-08T13:18:56+00:00","breadcrumb":{"@id":"https:\/\/www.malpelo.org\/fr\/qui-sommes-nous\/pep-ramis\/#breadcrumb"},"inLanguage":"fr-FR","potentialAction":[{"@type":"ReadAction","target":["https:\/\/www.malpelo.org\/fr\/qui-sommes-nous\/pep-ramis\/"]}]},{"@type":"ImageObject","inLanguage":"fr-FR","@id":"https:\/\/www.malpelo.org\/fr\/qui-sommes-nous\/pep-ramis\/#primaryimage","url":"https:\/\/www.malpelo.org\/wp-content\/uploads\/2020\/04\/MP-MTP_0653hd\u220fTristan-Perez-Martin-scaled.jpg","contentUrl":"https:\/\/www.malpelo.org\/wp-content\/uploads\/2020\/04\/MP-MTP_0653hd\u220fTristan-Perez-Martin-scaled.jpg","width":2560,"height":1707,"caption":"Pep Ramis (Mal Pelo) - The mountain, the truth and the paradise \u00a9Tristan Perez-Martin"},{"@type":"BreadcrumbList","@id":"https:\/\/www.malpelo.org\/fr\/qui-sommes-nous\/pep-ramis\/#breadcrumb","itemListElement":[{"@type":"ListItem","position":1,"name":"Inici","item":"https:\/\/www.malpelo.org\/fr\/"},{"@type":"ListItem","position":2,"name":"Qui sommes nous","item":"https:\/\/www.malpelo.org\/fr\/qui-sommes-nous\/"},{"@type":"ListItem","position":3,"name":"Pep Ramis"}]},{"@type":"WebSite","@id":"https:\/\/www.malpelo.org\/#website","url":"https:\/\/www.malpelo.org\/","name":"Mal Pelo","description":"Mal Pelo","potentialAction":[{"@type":"SearchAction","target":{"@type":"EntryPoint","urlTemplate":"https:\/\/www.malpelo.org\/?s={search_term_string}"},"query-input":{"@type":"PropertyValueSpecification","valueRequired":true,"valueName":"search_term_string"}}],"inLanguage":"fr-FR"}]}},"_links":{"self":[{"href":"https:\/\/www.malpelo.org\/fr\/wp-json\/wp\/v2\/pages\/3061","targetHints":{"allow":["GET"]}}],"collection":[{"href":"https:\/\/www.malpelo.org\/fr\/wp-json\/wp\/v2\/pages"}],"about":[{"href":"https:\/\/www.malpelo.org\/fr\/wp-json\/wp\/v2\/types\/page"}],"author":[{"embeddable":true,"href":"https:\/\/www.malpelo.org\/fr\/wp-json\/wp\/v2\/users\/1"}],"replies":[{"embeddable":true,"href":"https:\/\/www.malpelo.org\/fr\/wp-json\/wp\/v2\/comments?post=3061"}],"version-history":[{"count":5,"href":"https:\/\/www.malpelo.org\/fr\/wp-json\/wp\/v2\/pages\/3061\/revisions"}],"predecessor-version":[{"id":3108,"href":"https:\/\/www.malpelo.org\/fr\/wp-json\/wp\/v2\/pages\/3061\/revisions\/3108"}],"up":[{"embeddable":true,"href":"https:\/\/www.malpelo.org\/fr\/wp-json\/wp\/v2\/pages\/3054"}],"wp:featuredmedia":[{"embeddable":true,"href":"https:\/\/www.malpelo.org\/fr\/wp-json\/wp\/v2\/media\/866"}],"wp:attachment":[{"href":"https:\/\/www.malpelo.org\/fr\/wp-json\/wp\/v2\/media?parent=3061"}],"curies":[{"name":"wp","href":"https:\/\/api.w.org\/{rel}","templated":true}]}}

<div class="wpb-content-wrapper"><p>[vc_section][vc_row][vc_column width= »2/3&Prime;][vc_column_text]</p>
<h3>Trajectoire</h3>
<p>[/vc_column_text][vc_column_text]<strong>Pep Ramis</strong> (Manacor, Mallorca). Né à Majorque, dans une famille où la musique et la peinture sont très présents. Dans son parcours il étudie violoncelle, voix et marionnettes. Depuis son enfance, le dessin fait partie de son imagerie quotidienne. Son intérêt pour la scène apparaît en 1985 comme lieu de confluence de l&rsquo;ensemble de ses expériences précédentes, étant le corps l&rsquo;axe de référence. Après avoir travaillé en 1986 avec La Dux &#8211; formé par Maria Antònia Oliver et María Muñoz, en 1987 participe au spectacle Scirocco d’Adriana Borriello en Italie. En 1989, il a crée avec María Muñoz le groupe Mal Pelo dans lequel développé son rôle de constructeur des scénographies et d&rsquo;espaces pour des installations. Directeur de scène, danseur-acteur et codirecteur du Centre de Création L&rsquo;animal a l&rsquo;esquena à Celrà, Girona.</p>
<p>[/vc_column_text][/vc_column][vc_column width= »1/3&Prime;][vc_column_text]</p>
<h3>Liens d&rsquo;intérêt</h3>
<p>[/vc_column_text][vc_btn title= »Voir CV Pep Ramis » style= »classic » shape= »square » color= »black » i_align= »right » i_icon_fontawesome= » » add_icon= »true » link= »url:https%3A%2F%2Fwww.malpelo.org%2Fwp-content%2Fuploads%2F2021%2F03%2FFR_CV_PepRamis.pdf||| »][/vc_column][/vc_row][/vc_section][vc_row][vc_column][vc_images_carousel images= »777,781,402,400,397,249&Prime; img_size= »800&#215;600&Prime; autoplay= »yes » wrap= »yes »][/vc_column][/vc_row]</p>
</div>

<p>[vc_section][vc_row][vc_column width= »2/3&Prime;][vc_column_text] Trajectoire [/vc_column_text][vc_column_text]Pep Ramis (Manacor, Mallorca). Né à Majorque, dans une famille où la musique et la peinture sont très présents. Dans son parcours il étudie violoncelle, voix et marionnettes. Depuis son enfance, le dessin fait partie de son imagerie quotidienne. Son intérêt pour la scène apparaît en 1985 comme lieu de confluence de [&hellip;]</p>

<!-- This site is optimized with the Yoast SEO plugin v27.5 - https://yoast.com/product/yoast-seo-wordpress/ -->
<title>Pep Ramis - Mal Pelo</title>
<meta name="robots" content="index, follow, max-snippet:-1, max-image-preview:large, max-video-preview:-1" />
<link rel="canonical" href="https://www.malpelo.org/fr/qui-sommes-nous/pep-ramis/" />
<meta property="og:locale" content="fr_FR" />
<meta property="og:type" content="article" />
<meta property="og:title" content="Pep Ramis - Mal Pelo" />
<meta property="og:description" content="[vc_section][vc_row][vc_column width= »2/3&Prime;][vc_column_text] Trajectoire [/vc_column_text][vc_column_text]Pep Ramis (Manacor, Mallorca). Né à Majorque, dans une famille où la musique et la peinture sont très présents. Dans son parcours il étudie violoncelle, voix et marionnettes. Depuis son enfance, le dessin fait partie de son imagerie quotidienne. Son intérêt pour la scène apparaît en 1985 comme lieu de confluence de [&hellip;]" />
<meta property="og:url" content="https://www.malpelo.org/fr/qui-sommes-nous/pep-ramis/" />
<meta property="og:site_name" content="Mal Pelo" />
<meta property="article:modified_time" content="2021-03-08T13:18:56+00:00" />
<meta property="og:image" content="https://www.malpelo.org/wp-content/uploads/2020/04/MP-MTP_0653hd∏Tristan-Perez-Martin-scaled.jpg" />
	<meta property="og:image:width" content="2560" />
	<meta property="og:image:height" content="1707" />
	<meta property="og:image:type" content="image/jpeg" />
<meta name="twitter:card" content="summary_large_image" />
<meta name="twitter:label1" content="Durée de lecture estimée" />
	<meta name="twitter:data1" content="1 minute" />
<script type="application/ld+json" class="yoast-schema-graph">{"@context":"https:\/\/schema.org","@graph":[{"@type":"WebPage","@id":"https:\/\/www.malpelo.org\/fr\/qui-sommes-nous\/pep-ramis\/","url":"https:\/\/www.malpelo.org\/fr\/qui-sommes-nous\/pep-ramis\/","name":"Pep Ramis - Mal Pelo","isPartOf":{"@id":"https:\/\/www.malpelo.org\/#website"},"primaryImageOfPage":{"@id":"https:\/\/www.malpelo.org\/fr\/qui-sommes-nous\/pep-ramis\/#primaryimage"},"image":{"@id":"https:\/\/www.malpelo.org\/fr\/qui-sommes-nous\/pep-ramis\/#primaryimage"},"thumbnailUrl":"https:\/\/www.malpelo.org\/wp-content\/uploads\/2020\/04\/MP-MTP_0653hd∏Tristan-Perez-Martin-scaled.jpg","datePublished":"2021-03-03T12:19:59+00:00","dateModified":"2021-03-08T13:18:56+00:00","breadcrumb":{"@id":"https:\/\/www.malpelo.org\/fr\/qui-sommes-nous\/pep-ramis\/#breadcrumb"},"inLanguage":"fr-FR","potentialAction":[{"@type":"ReadAction","target":["https:\/\/www.malpelo.org\/fr\/qui-sommes-nous\/pep-ramis\/"]}]},{"@type":"ImageObject","inLanguage":"fr-FR","@id":"https:\/\/www.malpelo.org\/fr\/qui-sommes-nous\/pep-ramis\/#primaryimage","url":"https:\/\/www.malpelo.org\/wp-content\/uploads\/2020\/04\/MP-MTP_0653hd∏Tristan-Perez-Martin-scaled.jpg","contentUrl":"https:\/\/www.malpelo.org\/wp-content\/uploads\/2020\/04\/MP-MTP_0653hd∏Tristan-Perez-Martin-scaled.jpg","width":2560,"height":1707,"caption":"Pep Ramis (Mal Pelo) - The mountain, the truth and the paradise ©Tristan Perez-Martin"},{"@type":"BreadcrumbList","@id":"https:\/\/www.malpelo.org\/fr\/qui-sommes-nous\/pep-ramis\/#breadcrumb","itemListElement":[{"@type":"ListItem","position":1,"name":"Inici","item":"https:\/\/www.malpelo.org\/fr\/"},{"@type":"ListItem","position":2,"name":"Qui sommes nous","item":"https:\/\/www.malpelo.org\/fr\/qui-sommes-nous\/"},{"@type":"ListItem","position":3,"name":"Pep Ramis"}]},{"@type":"WebSite","@id":"https:\/\/www.malpelo.org\/#website","url":"https:\/\/www.malpelo.org\/","name":"Mal Pelo","description":"Mal Pelo","potentialAction":[{"@type":"SearchAction","target":{"@type":"EntryPoint","urlTemplate":"https:\/\/www.malpelo.org\/?s={search_term_string}"},"query-input":{"@type":"PropertyValueSpecification","valueRequired":true,"valueName":"search_term_string"}}],"inLanguage":"fr-FR"}]}</script>
<!-- / Yoast SEO plugin. -->

[vc_section][vc_row][vc_column width= »2/3&Prime;][vc_column_text] Trajectoire [/vc_column_text][vc_column_text]Pep Ramis (Manacor, Mallorca). Né à Majorque, dans une famille où la musique et la peinture sont très présents. Dans son parcours il étudie violoncelle, voix et marionnettes. Depuis son enfance, le dessin fait partie de son imagerie quotidienne. Son intérêt pour la scène apparaît en 1985 comme lieu de confluence de [&hellip;]
