{"id":3638,"date":"2022-07-18T15:57:12","date_gmt":"2022-07-18T13:57:12","guid":{"rendered":"https:\/\/www.malpelo.org\/quienes-somos\/david-sagastume-copy\/"},"modified":"2022-07-18T16:02:24","modified_gmt":"2022-07-18T14:02:24","slug":"jaume-guri","status":"publish","type":"page","link":"https:\/\/www.malpelo.org\/es\/quienes-somos\/jaume-guri\/","title":{"rendered":"Jaume Guri"},"content":{"rendered":"<div class=\"wpb-content-wrapper\">[vc_section][vc_row][vc_column][vc_column_text]\r\n<h3>Trayectoria<\/h3>\r\n[\/vc_column_text][vc_column_text]<b>Jaume Guri, viol\u00edn<span class=\"Apple-converted-space\">\u00a0<\/span><\/b>\r\n\r\nJaume Guri Batlle comienza sus estudios en Badalona con Marta Garc\u00eda, y contin\u00faa en la ESMUC con Vera Mart\u00ednez. Es miembro de \u00abB\u00e4rhof Ensemble\u00bb y ha participado en diversos festivales como \u00abM\u00fasicos en residencia Alella\u00bb, \u00abHohenstaufen Chamber Festival\u00bb, \u00abTrialog Conciertos Allensbach\u00bb, \u00abWeikersheim Chamber Music\u00bb, y \u00abBarcelona Apertura\u00bb. Ha estudiado m\u00fasica de c\u00e1mara con el Cuarteto Casals, Kennedy Moretti, Anton Kernjak y Claudio Mart\u00ednez.<span class=\"Apple-converted-space\">\u00a0<\/span>\r\n\r\nMiembro de la JONC durante diez a\u00f1os, ha colaborado tambi\u00e9n con la Mahler Chamber Orchestra.<span class=\"Apple-converted-space\">\u00a0<\/span>\r\n\r\n2018 debuta como solista en la sala 2 del Auditori de Barcelona. Actualmente estudia con Rainer Schmidt, Barbara Doll y Amandine Beyer en Basilea.<span class=\"Apple-converted-space\">\u00a0<\/span>\r\n\r\n[\/vc_column_text][\/vc_column][\/vc_row][\/vc_section][vc_row][vc_column][vc_images_carousel images=\u00bb1814,3640&#8243; img_size=\u00bb800&#215;600&#8243;][\/vc_column][\/vc_row]<!-- \/wp:post-content --><\/div>","protected":false},"excerpt":{"rendered":"<p>[vc_section][vc_row][vc_column][vc_column_text] Trayectoria [\/vc_column_text][vc_column_text]Jaume Guri, viol\u00edn\u00a0 Jaume Guri Batlle comienza sus estudios en Badalona con Marta Garc\u00eda, y contin\u00faa en la ESMUC con Vera Mart\u00ednez. Es miembro de \u00abB\u00e4rhof Ensemble\u00bb y ha participado en diversos festivales como \u00abM\u00fasicos en residencia Alella\u00bb, \u00abHohenstaufen Chamber Festival\u00bb, \u00abTrialog Conciertos Allensbach\u00bb, \u00abWeikersheim Chamber Music\u00bb, y \u00abBarcelona Apertura\u00bb. Ha estudiado m\u00fasica [&hellip;]<\/p>\n","protected":false},"author":1,"featured_media":0,"parent":2531,"menu_order":0,"comment_status":"closed","ping_status":"closed","template":"","meta":{"_acf_changed":false,"footnotes":""},"class_list":["post-3638","page","type-page","status-publish","hentry"],"acf":[],"yoast_head":"<!-- This site is optimized with the Yoast SEO plugin v27.5 - https:\/\/yoast.com\/product\/yoast-seo-wordpress\/ -->\n<title>Jaume Guri - Mal Pelo<\/title>\n<meta name=\"robots\" content=\"index, follow, max-snippet:-1, max-image-preview:large, max-video-preview:-1\" \/>\n<link rel=\"canonical\" href=\"https:\/\/www.malpelo.org\/es\/quienes-somos\/jaume-guri\/\" \/>\n<meta property=\"og:locale\" content=\"es_ES\" \/>\n<meta property=\"og:type\" content=\"article\" \/>\n<meta property=\"og:title\" content=\"Jaume Guri - Mal Pelo\" \/>\n<meta property=\"og:description\" content=\"[vc_section][vc_row][vc_column][vc_column_text] Trayectoria [\/vc_column_text][vc_column_text]Jaume Guri, viol\u00edn\u00a0 Jaume Guri Batlle comienza sus estudios en Badalona con Marta Garc\u00eda, y contin\u00faa en la ESMUC con Vera Mart\u00ednez. Es miembro de \u00abB\u00e4rhof Ensemble\u00bb y ha participado en diversos festivales como \u00abM\u00fasicos en residencia Alella\u00bb, \u00abHohenstaufen Chamber Festival\u00bb, \u00abTrialog Conciertos Allensbach\u00bb, \u00abWeikersheim Chamber Music\u00bb, y \u00abBarcelona Apertura\u00bb. Ha estudiado m\u00fasica [&hellip;]\" \/>\n<meta property=\"og:url\" content=\"https:\/\/www.malpelo.org\/es\/quienes-somos\/jaume-guri\/\" \/>\n<meta property=\"og:site_name\" content=\"Mal Pelo\" \/>\n<meta property=\"article:modified_time\" content=\"2022-07-18T14:02:24+00:00\" \/>\n<meta name=\"twitter:card\" content=\"summary_large_image\" \/>\n<meta name=\"twitter:label1\" content=\"Tiempo de lectura\" \/>\n\t<meta name=\"twitter:data1\" content=\"1 minuto\" \/>\n<script type=\"application\/ld+json\" class=\"yoast-schema-graph\">{\"@context\":\"https:\\\/\\\/schema.org\",\"@graph\":[{\"@type\":\"WebPage\",\"@id\":\"https:\\\/\\\/www.malpelo.org\\\/es\\\/quienes-somos\\\/jaume-guri\\\/\",\"url\":\"https:\\\/\\\/www.malpelo.org\\\/es\\\/quienes-somos\\\/jaume-guri\\\/\",\"name\":\"Jaume Guri - Mal Pelo\",\"isPartOf\":{\"@id\":\"https:\\\/\\\/www.malpelo.org\\\/#website\"},\"datePublished\":\"2022-07-18T13:57:12+00:00\",\"dateModified\":\"2022-07-18T14:02:24+00:00\",\"breadcrumb\":{\"@id\":\"https:\\\/\\\/www.malpelo.org\\\/es\\\/quienes-somos\\\/jaume-guri\\\/#breadcrumb\"},\"inLanguage\":\"es\",\"potentialAction\":[{\"@type\":\"ReadAction\",\"target\":[\"https:\\\/\\\/www.malpelo.org\\\/es\\\/quienes-somos\\\/jaume-guri\\\/\"]}]},{\"@type\":\"BreadcrumbList\",\"@id\":\"https:\\\/\\\/www.malpelo.org\\\/es\\\/quienes-somos\\\/jaume-guri\\\/#breadcrumb\",\"itemListElement\":[{\"@type\":\"ListItem\",\"position\":1,\"name\":\"Inici\",\"item\":\"https:\\\/\\\/www.malpelo.org\\\/es\\\/\"},{\"@type\":\"ListItem\",\"position\":2,\"name\":\"Qui\u00e9nes somos\",\"item\":\"https:\\\/\\\/www.malpelo.org\\\/es\\\/quienes-somos\\\/\"},{\"@type\":\"ListItem\",\"position\":3,\"name\":\"Jaume Guri\"}]},{\"@type\":\"WebSite\",\"@id\":\"https:\\\/\\\/www.malpelo.org\\\/#website\",\"url\":\"https:\\\/\\\/www.malpelo.org\\\/\",\"name\":\"Mal Pelo\",\"description\":\"Mal Pelo\",\"potentialAction\":[{\"@type\":\"SearchAction\",\"target\":{\"@type\":\"EntryPoint\",\"urlTemplate\":\"https:\\\/\\\/www.malpelo.org\\\/?s={search_term_string}\"},\"query-input\":{\"@type\":\"PropertyValueSpecification\",\"valueRequired\":true,\"valueName\":\"search_term_string\"}}],\"inLanguage\":\"es\"}]}<\/script>\n<!-- \/ Yoast SEO plugin. -->","yoast_head_json":{"title":"Jaume Guri - Mal Pelo","robots":{"index":"index","follow":"follow","max-snippet":"max-snippet:-1","max-image-preview":"max-image-preview:large","max-video-preview":"max-video-preview:-1"},"canonical":"https:\/\/www.malpelo.org\/es\/quienes-somos\/jaume-guri\/","og_locale":"es_ES","og_type":"article","og_title":"Jaume Guri - Mal Pelo","og_description":"[vc_section][vc_row][vc_column][vc_column_text] Trayectoria [\/vc_column_text][vc_column_text]Jaume Guri, viol\u00edn\u00a0 Jaume Guri Batlle comienza sus estudios en Badalona con Marta Garc\u00eda, y contin\u00faa en la ESMUC con Vera Mart\u00ednez. Es miembro de \u00abB\u00e4rhof Ensemble\u00bb y ha participado en diversos festivales como \u00abM\u00fasicos en residencia Alella\u00bb, \u00abHohenstaufen Chamber Festival\u00bb, \u00abTrialog Conciertos Allensbach\u00bb, \u00abWeikersheim Chamber Music\u00bb, y \u00abBarcelona Apertura\u00bb. Ha estudiado m\u00fasica [&hellip;]","og_url":"https:\/\/www.malpelo.org\/es\/quienes-somos\/jaume-guri\/","og_site_name":"Mal Pelo","article_modified_time":"2022-07-18T14:02:24+00:00","twitter_card":"summary_large_image","twitter_misc":{"Tiempo de lectura":"1 minuto"},"schema":{"@context":"https:\/\/schema.org","@graph":[{"@type":"WebPage","@id":"https:\/\/www.malpelo.org\/es\/quienes-somos\/jaume-guri\/","url":"https:\/\/www.malpelo.org\/es\/quienes-somos\/jaume-guri\/","name":"Jaume Guri - Mal Pelo","isPartOf":{"@id":"https:\/\/www.malpelo.org\/#website"},"datePublished":"2022-07-18T13:57:12+00:00","dateModified":"2022-07-18T14:02:24+00:00","breadcrumb":{"@id":"https:\/\/www.malpelo.org\/es\/quienes-somos\/jaume-guri\/#breadcrumb"},"inLanguage":"es","potentialAction":[{"@type":"ReadAction","target":["https:\/\/www.malpelo.org\/es\/quienes-somos\/jaume-guri\/"]}]},{"@type":"BreadcrumbList","@id":"https:\/\/www.malpelo.org\/es\/quienes-somos\/jaume-guri\/#breadcrumb","itemListElement":[{"@type":"ListItem","position":1,"name":"Inici","item":"https:\/\/www.malpelo.org\/es\/"},{"@type":"ListItem","position":2,"name":"Qui\u00e9nes somos","item":"https:\/\/www.malpelo.org\/es\/quienes-somos\/"},{"@type":"ListItem","position":3,"name":"Jaume Guri"}]},{"@type":"WebSite","@id":"https:\/\/www.malpelo.org\/#website","url":"https:\/\/www.malpelo.org\/","name":"Mal Pelo","description":"Mal Pelo","potentialAction":[{"@type":"SearchAction","target":{"@type":"EntryPoint","urlTemplate":"https:\/\/www.malpelo.org\/?s={search_term_string}"},"query-input":{"@type":"PropertyValueSpecification","valueRequired":true,"valueName":"search_term_string"}}],"inLanguage":"es"}]}},"_links":{"self":[{"href":"https:\/\/www.malpelo.org\/es\/wp-json\/wp\/v2\/pages\/3638","targetHints":{"allow":["GET"]}}],"collection":[{"href":"https:\/\/www.malpelo.org\/es\/wp-json\/wp\/v2\/pages"}],"about":[{"href":"https:\/\/www.malpelo.org\/es\/wp-json\/wp\/v2\/types\/page"}],"author":[{"embeddable":true,"href":"https:\/\/www.malpelo.org\/es\/wp-json\/wp\/v2\/users\/1"}],"replies":[{"embeddable":true,"href":"https:\/\/www.malpelo.org\/es\/wp-json\/wp\/v2\/comments?post=3638"}],"version-history":[{"count":2,"href":"https:\/\/www.malpelo.org\/es\/wp-json\/wp\/v2\/pages\/3638\/revisions"}],"predecessor-version":[{"id":3644,"href":"https:\/\/www.malpelo.org\/es\/wp-json\/wp\/v2\/pages\/3638\/revisions\/3644"}],"up":[{"embeddable":true,"href":"https:\/\/www.malpelo.org\/es\/wp-json\/wp\/v2\/pages\/2531"}],"wp:attachment":[{"href":"https:\/\/www.malpelo.org\/es\/wp-json\/wp\/v2\/media?parent=3638"}],"curies":[{"name":"wp","href":"https:\/\/api.w.org\/{rel}","templated":true}]}}

<div class="wpb-content-wrapper">[vc_section][vc_row][vc_column][vc_column_text]
<h3>Trayectoria</h3>
[/vc_column_text][vc_column_text]<b>Jaume Guri, violín<span class="Apple-converted-space"> </span></b>

Jaume Guri Batlle comienza sus estudios en Badalona con Marta García, y continúa en la ESMUC con Vera Martínez. Es miembro de «Bärhof Ensemble» y ha participado en diversos festivales como «Músicos en residencia Alella», «Hohenstaufen Chamber Festival», «Trialog Conciertos Allensbach», «Weikersheim Chamber Music», y «Barcelona Apertura». Ha estudiado música de cámara con el Cuarteto Casals, Kennedy Moretti, Anton Kernjak y Claudio Martínez.<span class="Apple-converted-space"> </span>

Miembro de la JONC durante diez años, ha colaborado también con la Mahler Chamber Orchestra.<span class="Apple-converted-space"> </span>

2018 debuta como solista en la sala 2 del Auditori de Barcelona. Actualmente estudia con Rainer Schmidt, Barbara Doll y Amandine Beyer en Basilea.<span class="Apple-converted-space"> </span>

[/vc_column_text][/vc_column][/vc_row][/vc_section][vc_row][vc_column][vc_images_carousel images=»1814,3640&#8243; img_size=»800&#215;600&#8243;][/vc_column][/vc_row]<!-- /wp:post-content --></div>

<p>[vc_section][vc_row][vc_column][vc_column_text] Trayectoria [/vc_column_text][vc_column_text]Jaume Guri, violín  Jaume Guri Batlle comienza sus estudios en Badalona con Marta García, y continúa en la ESMUC con Vera Martínez. Es miembro de «Bärhof Ensemble» y ha participado en diversos festivales como «Músicos en residencia Alella», «Hohenstaufen Chamber Festival», «Trialog Conciertos Allensbach», «Weikersheim Chamber Music», y «Barcelona Apertura». Ha estudiado música [&hellip;]</p>

<!-- This site is optimized with the Yoast SEO plugin v27.5 - https://yoast.com/product/yoast-seo-wordpress/ -->
<title>Jaume Guri - Mal Pelo</title>
<meta name="robots" content="index, follow, max-snippet:-1, max-image-preview:large, max-video-preview:-1" />
<link rel="canonical" href="https://www.malpelo.org/es/quienes-somos/jaume-guri/" />
<meta property="og:locale" content="es_ES" />
<meta property="og:type" content="article" />
<meta property="og:title" content="Jaume Guri - Mal Pelo" />
<meta property="og:description" content="[vc_section][vc_row][vc_column][vc_column_text] Trayectoria [/vc_column_text][vc_column_text]Jaume Guri, violín  Jaume Guri Batlle comienza sus estudios en Badalona con Marta García, y continúa en la ESMUC con Vera Martínez. Es miembro de «Bärhof Ensemble» y ha participado en diversos festivales como «Músicos en residencia Alella», «Hohenstaufen Chamber Festival», «Trialog Conciertos Allensbach», «Weikersheim Chamber Music», y «Barcelona Apertura». Ha estudiado música [&hellip;]" />
<meta property="og:url" content="https://www.malpelo.org/es/quienes-somos/jaume-guri/" />
<meta property="og:site_name" content="Mal Pelo" />
<meta property="article:modified_time" content="2022-07-18T14:02:24+00:00" />
<meta name="twitter:card" content="summary_large_image" />
<meta name="twitter:label1" content="Tiempo de lectura" />
	<meta name="twitter:data1" content="1 minuto" />
<script type="application/ld+json" class="yoast-schema-graph">{"@context":"https:\/\/schema.org","@graph":[{"@type":"WebPage","@id":"https:\/\/www.malpelo.org\/es\/quienes-somos\/jaume-guri\/","url":"https:\/\/www.malpelo.org\/es\/quienes-somos\/jaume-guri\/","name":"Jaume Guri - Mal Pelo","isPartOf":{"@id":"https:\/\/www.malpelo.org\/#website"},"datePublished":"2022-07-18T13:57:12+00:00","dateModified":"2022-07-18T14:02:24+00:00","breadcrumb":{"@id":"https:\/\/www.malpelo.org\/es\/quienes-somos\/jaume-guri\/#breadcrumb"},"inLanguage":"es","potentialAction":[{"@type":"ReadAction","target":["https:\/\/www.malpelo.org\/es\/quienes-somos\/jaume-guri\/"]}]},{"@type":"BreadcrumbList","@id":"https:\/\/www.malpelo.org\/es\/quienes-somos\/jaume-guri\/#breadcrumb","itemListElement":[{"@type":"ListItem","position":1,"name":"Inici","item":"https:\/\/www.malpelo.org\/es\/"},{"@type":"ListItem","position":2,"name":"Quiénes somos","item":"https:\/\/www.malpelo.org\/es\/quienes-somos\/"},{"@type":"ListItem","position":3,"name":"Jaume Guri"}]},{"@type":"WebSite","@id":"https:\/\/www.malpelo.org\/#website","url":"https:\/\/www.malpelo.org\/","name":"Mal Pelo","description":"Mal Pelo","potentialAction":[{"@type":"SearchAction","target":{"@type":"EntryPoint","urlTemplate":"https:\/\/www.malpelo.org\/?s={search_term_string}"},"query-input":{"@type":"PropertyValueSpecification","valueRequired":true,"valueName":"search_term_string"}}],"inLanguage":"es"}]}</script>
<!-- / Yoast SEO plugin. -->

[vc_section][vc_row][vc_column][vc_column_text] Trayectoria [/vc_column_text][vc_column_text]Jaume Guri, violín  Jaume Guri Batlle comienza sus estudios en Badalona con Marta García, y continúa en la ESMUC con Vera Martínez. Es miembro de «Bärhof Ensemble» y ha participado en diversos festivales como «Músicos en residencia Alella», «Hohenstaufen Chamber Festival», «Trialog Conciertos Allensbach», «Weikersheim Chamber Music», y «Barcelona Apertura». Ha estudiado música [&hellip;]

Quiénes somos
